{"id":5804,"date":"2024-03-06T17:08:04","date_gmt":"2024-03-06T17:08:04","guid":{"rendered":"https:\/\/www.basgroupglobal.com\/postes-ouverts-carrieres\/"},"modified":"2025-06-20T09:41:45","modified_gmt":"2025-06-20T09:41:45","slug":"postes-ouverts","status":"publish","type":"page","link":"https:\/\/www.basgroupglobal.com\/fr\/postes-ouverts\/","title":{"rendered":"Postes Ouverts &#8211; Carri\u00e8res"},"content":{"rendered":"<div class=\"wpb-content-wrapper\"><p>[vc_section][vc_row][vc_column]<div class=\"wpb_content_element \"><style type=\"text\/css\">#ut_header_69f3b8063014d h1.section-title { font-size:65px !important;line-height:75px !important;letter-spacing:-0.05em; }<\/style><header id=\"ut_header_69f3b8063014d\" class=\"section-header  ut-no-title-linebreak-mobile ut-no-lead-linebreak-mobile pt-style-2 header-center header-tablet-center header-mobile-center element-with-custom-line-height\"><div class=\"element-with-custom-line-height\" ><h1 data-title=\"REJOIGNEZ-NOUS\"  data-responsive-font=\"section_title\" data-responsive-font-settings=\"{&quot;base-font-size&quot;:&quot;65&quot;,&quot;font-size-unit&quot;:&quot;px&quot;,&quot;font-size&quot;:{&quot;desktop_large&quot;:&quot;65&quot;},&quot;base-line-height&quot;:&quot;75&quot;,&quot;line-height-unit&quot;:&quot;px&quot;,&quot;line-height&quot;:{&quot;desktop_large&quot;:&quot;75&quot;},&quot;base-letter-spacing&quot;:&quot;global&quot;,&quot;letter-spacing&quot;:{&quot;desktop_large&quot;:&quot;-0.05&quot;}}\" class=\"section-title  \"><span>REJOIGNEZ-NOUS<\/span><\/h1><\/div><div data-delay=\"0\" class=\"lead \"><p>Fa\u00e7onnez l\u2019Avenir de l\u2019Emballage avec Votre Expertise.<\/p>\n<p>Apportez vos connaissances et vos comp\u00e9tences \u00e0 Ba\u015f Group et devenez un leader dans l&#8217;industrie de l&#8217;emballage innovant et durable. Rejoignez notre \u00e9quipe dynamique et contribuez \u00e0 faire avancer la cr\u00e9ativit\u00e9 et l&#8217;excellence. Pour des informations d\u00e9taill\u00e9es sur le traitement de vos donn\u00e9es personnelles, veuillez consulter le<br \/>\n&#8220;<a href=\"https:\/\/www.basgroupglobal.com\/wp-content\/uploads\/2023\/09\/Bas-Group-KVKK-Fr.pdf\" target=\"_blank\" rel=\"noopener\">Texte de divulgation des candidats \u00e0 l\u2019emploi de Ba\u015f Group<\/a>&#8221; .<\/p>\n<\/div><\/header><\/div><div class=\"wpb_content_element \"><style type=\"text\/css\">#ut_accordion_69f3b806360c7 .ut-accordion-module-item.open .ut-accordion-module-heading { color: rgba(198, 137, 114, 1) !important }#ut_accordion_69f3b806360c7 .ut-accordion-module-heading:hover { color: rgba(198, 137, 114, 1) !important }#ut_accordion_69f3b806360c7 .ut-accordion-module-heading:active { color: rgba(198, 137, 114, 1) !important }#ut_accordion_69f3b806360c7 .ut-accordion-module-heading:focus { color: rgba(198, 137, 114, 1) !important }#ut_accordion_69f3b806360c7 .ut-accordion-module-item { border-top-style:solid; }#ut_accordion_69f3b806360c7 .ut-accordion-module-item:last-child { border-top-style:solid; border-bottom-style:solid; }#ut_accordion_69f3b806360c7 .ut-accordion-module-heading::before { -webkit-border-radius: 50%; -moz-border-radius: 50%; border-radius: 50%; }<\/style><div id=\"ut_accordion_69f3b806360c7\" data-accordion-group class=\"ut-accordion-module ut-accordion-module-single  ut-accordion-module-with-counter ut-accordion-module-with-border\"><div data-accordion data-accordion data-single data-transition=\"400\" data-easing=\"ease\" class=\"ut-accordion-module-item \"><h3 data-control class=\"ut-accordion-module-heading\" data-counter=\"1\">Directeur des Ventes et du Marketing<\/h3><div data-content class=\"ut-accordion-module-content\"><div class=\"ut-accordion-module-inner entry-content clearfix\"><\/p>\n<h3><strong>Qualifications G\u00e9n\u00e9rales<\/strong><\/h3>\n<ul>\n<li>Viser une carri\u00e8re dans les ventes,<\/li>\n<li>Ax\u00e9 sur la r\u00e9alisation d\u2019objectifs,<\/li>\n<li>Etre capable de g\u00e9rer la client\u00e8le et de d\u00e9velopper des relations,<\/li>\n<li>Hautement capable d\u2019influencer et de persuader,<\/li>\n<li>Capacit\u00e9 \u00e0 planifier et \u00e0 organiser,<\/li>\n<li>Avoir effectu\u00e9 le service militaire ou report\u00e9 d\u2019au moins 1 an,<\/li>\n<li>Sachant parler couramment en anglais et en fran\u00e7ais, (une troisi\u00e8me langue est pr\u00e9f\u00e9r\u00e9e)<\/li>\n<li>Ma\u00eetrise des programmes MS Office,<\/li>\n<li>D\u00e9sireux d\u2019apprendre, capable de suivre et de conclure les travaux, capable de travailler \u00e0 un rythme intense,<\/li>\n<li>Bonnes comp\u00e9tences en communication et en planification, pens\u00e9e analytique et r\u00e9solution de probl\u00e8mes,<\/li>\n<li>Aucune restriction de voyage,<\/li>\n<li>Nous attendons les candidatures de candidats qui r\u00e9sident ou qui r\u00e9sideront du c\u00f4t\u00e9 europ\u00e9en d\u2019Istanbul.<\/li>\n<\/ul>\n<h3><strong>Description du Travail<\/strong><\/h3>\n<ul>\n<li>En ligne avec les objectifs mensuels et annuels d\u00e9termin\u00e9s :<\/li>\n<li>Cr\u00e9ation d\u2019un portefeuille de clients,<\/li>\n<li>Atteinte de clients potentiels et vente de produits,<\/li>\n<li>Fourniture de services de conseil \u00e0 nos clients apr\u00e8s-vente,<\/li>\n<li>Assurer la satisfaction des clients et effectuer la gestion de portefeuille.<\/li>\n<\/ul>\n<p><button id=\"buttonxfr\" class=\"buttonxfr\">Candidature<\/button><\/p>\n<\/div><\/div><\/div><div data-accordion data-accordion data-single data-transition=\"400\" data-easing=\"ease\" class=\"ut-accordion-module-item \"><h3 data-control class=\"ut-accordion-module-heading\" data-counter=\"2\">Sp\u00e9cialiste des Op\u00e9rations D'exportation<\/h3><div data-content class=\"ut-accordion-module-content\"><div class=\"ut-accordion-module-inner entry-content clearfix\"><\/p>\n<h3><strong>Qualifications G\u00e9n\u00e9rales<\/strong><\/h3>\n<ul>\n<li>Dipl\u00f4m\u00e9 universitaire en rapport avec notre domaine<\/li>\n<li>2-3 ans d\u2019exp\u00e9rience en exportation ou logistique,<\/li>\n<li>Avoir une connaissance de la l\u00e9gislation douani\u00e8re et des processus logistiques,<\/li>\n<li>Parlant Couramment anglais, (une deuxi\u00e8me langue est pr\u00e9f\u00e9rable)<\/li>\n<li>Comp\u00e9tent dans l\u2019utilisation de programmes MS Office,<\/li>\n<li>Dispos\u00e9 \u00e0 apprendre, capable de r\u00e9ussir le suivi et la conclusion du travail, capable de travailler \u00e0 un rythme intense,<\/li>\n<li>Bonnes comp\u00e9tences de communication et de planification, pens\u00e9e analytique et comp\u00e9tences de r\u00e9solution de probl\u00e8mes,<\/li>\n<li>Pas de restrictions de voyage<\/li>\n<li>Les candidats masculins doivent avoir termin\u00e9 leur service militaire<\/li>\n<li>Nous attendons les candidatures des candidats qui r\u00e9sident\/seront r\u00e9sidents du c\u00f4t\u00e9 europ\u00e9en d\u2019Istanbul.<\/li>\n<\/ul>\n<h3><strong>Description du Travail<\/strong><\/h3>\n<ul>\n<li>R\u00e9ception des commandes, programmation de l\u2019exportation, ex\u00e9cution et suivi des transactions op\u00e9rationnelles,<\/li>\n<li>Travailler en coordination avec les unit\u00e9s de finances, de production et de logistique, planifier et suivre les processus,<\/li>\n<li>Pr\u00e9paration des documents n\u00e9cessaires et des documents li\u00e9s aux processus d\u2019exportation,<\/li>\n<li>Fournir les informations n\u00e9cessaires aux clients et aux unit\u00e9s concern\u00e9es apr\u00e8s l\u2019exportation,<\/li>\n<li>Contr\u00f4le de certaines d\u00e9penses li\u00e9es \u00e0 l\u2019exportation et fourniture d\u2019entr\u00e9es de syst\u00e8me,<\/li>\n<li>Suivi des transactions comptables et des recouvrements li\u00e9s \u00e0 l\u2019exportation, reporting aux unit\u00e9s concern\u00e9es,<\/li>\n<li>Pr\u00e9paration de pr\u00e9sentations et de rapports sur les questions d\u2019exportation,<\/li>\n<li>Assurer l\u2019accomplissement des obligations n\u00e9cessaires en vertu de la l\u00e9gislation.<\/li>\n<\/ul>\n<p><button id=\"buttonxfr\" class=\"buttonxfr\">Candidature<\/button><\/p>\n<\/div><\/div><\/div><div data-accordion data-accordion data-single data-transition=\"400\" data-easing=\"ease\" class=\"ut-accordion-module-item \"><h3 data-control class=\"ut-accordion-module-heading\" data-counter=\"3\">Personnel de L'entrep\u00f4t<\/h3><div data-content class=\"ut-accordion-module-content\"><div class=\"ut-accordion-module-inner entry-content clearfix\"><\/p>\n<h3><strong>Qualifications G\u00e9n\u00e9rales<\/strong><\/h3>\n<ul>\n<li>Dipl\u00f4m\u00e9 des d\u00e9partements universitaires de premier cycle.<\/li>\n<li>Au moins 2 ans d\u2019exp\u00e9rience en logistique et gestion des stocks.<\/li>\n<li>Solides comp\u00e9tences en planification, reporting et analyse.<\/li>\n<li>Capacit\u00e9 \u00e0 g\u00e9rer efficacement une \u00e9quipe.<\/li>\n<li>Capable de bien g\u00e9rer son temps.<\/li>\n<li>Nous attendons les candidatures des personnes r\u00e9sidant sur la partie europ\u00e9enne d\u2019Istanbul ou qui y r\u00e9sideront.<\/li>\n<\/ul>\n<h3><strong>Description du Travail<\/strong><\/h3>\n<ul>\n<li>Effectuer toutes les op\u00e9rations d\u2019exp\u00e9dition dans l\u2019usine dans le cadre des activit\u00e9s logistiques des clients et des fournisseurs.<\/li>\n<li>Veiller \u00e0 la mise en \u0153uvre des proc\u00e9dures et instructions logistiques et en contr\u00f4ler l\u2019efficacit\u00e9.<\/li>\n<li>Assurer que les processus op\u00e9rationnels sont achev\u00e9s en temps et en heure et avec une grande qualit\u00e9.<\/li>\n<li>Effectuer des \u00e9tudes sur l\u2019efficacit\u00e9 op\u00e9rationnelle et l\u2019am\u00e9lioration des co\u00fbts logistiques.<\/li>\n<li>G\u00e9rer les stocks et les exp\u00e9ditions.<\/li>\n<li>Participer et contribuer \u00e0 des projets logistiques.<\/li>\n<\/ul>\n<p><button id=\"buttonxfr\" class=\"buttonxfr\">Candidature<\/button><\/p>\n<\/div><\/div><\/div><\/div><\/div>[\/vc_column][\/vc_row][\/vc_section]<\/p>\n<\/div>","protected":false},"excerpt":{"rendered":"<p>[vc_section][vc_row][vc_column][\/vc_column][\/vc_row][\/vc_section]<\/p>\n","protected":false},"author":1,"featured_media":0,"parent":0,"menu_order":0,"comment_status":"closed","ping_status":"closed","template":"","meta":{"footnotes":""},"class_list":["post-5804","page","type-page","status-publish","hentry"],"_links":{"self":[{"href":"https:\/\/www.basgroupglobal.com\/fr\/wp-json\/wp\/v2\/pages\/5804","targetHints":{"allow":["GET"]}}],"collection":[{"href":"https:\/\/www.basgroupglobal.com\/fr\/wp-json\/wp\/v2\/pages"}],"about":[{"href":"https:\/\/www.basgroupglobal.com\/fr\/wp-json\/wp\/v2\/types\/page"}],"author":[{"embeddable":true,"href":"https:\/\/www.basgroupglobal.com\/fr\/wp-json\/wp\/v2\/users\/1"}],"replies":[{"embeddable":true,"href":"https:\/\/www.basgroupglobal.com\/fr\/wp-json\/wp\/v2\/comments?post=5804"}],"version-history":[{"count":2,"href":"https:\/\/www.basgroupglobal.com\/fr\/wp-json\/wp\/v2\/pages\/5804\/revisions"}],"predecessor-version":[{"id":7043,"href":"https:\/\/www.basgroupglobal.com\/fr\/wp-json\/wp\/v2\/pages\/5804\/revisions\/7043"}],"wp:attachment":[{"href":"https:\/\/www.basgroupglobal.com\/fr\/wp-json\/wp\/v2\/media?parent=5804"}],"curies":[{"name":"wp","href":"https:\/\/api.w.org\/{rel}","templated":true}]}}

Postes Ouverts &#8211; Carrières

<div class="wpb-content-wrapper"><p>[vc_section][vc_row][vc_column]<div class="wpb_content_element "><style type="text/css">#ut_header_69f3b8063014d h1.section-title { font-size:65px !important;line-height:75px !important;letter-spacing:-0.05em; }</style><header id="ut_header_69f3b8063014d" class="section-header  ut-no-title-linebreak-mobile ut-no-lead-linebreak-mobile pt-style-2 header-center header-tablet-center header-mobile-center element-with-custom-line-height"><div class="element-with-custom-line-height" ><h1 data-title="REJOIGNEZ-NOUS"  data-responsive-font="section_title" data-responsive-font-settings="{&quot;base-font-size&quot;:&quot;65&quot;,&quot;font-size-unit&quot;:&quot;px&quot;,&quot;font-size&quot;:{&quot;desktop_large&quot;:&quot;65&quot;},&quot;base-line-height&quot;:&quot;75&quot;,&quot;line-height-unit&quot;:&quot;px&quot;,&quot;line-height&quot;:{&quot;desktop_large&quot;:&quot;75&quot;},&quot;base-letter-spacing&quot;:&quot;global&quot;,&quot;letter-spacing&quot;:{&quot;desktop_large&quot;:&quot;-0.05&quot;}}" class="section-title  "><span>REJOIGNEZ-NOUS</span></h1></div><div data-delay="0" class="lead "><p>Façonnez l’Avenir de l’Emballage avec Votre Expertise.</p>
<p>Apportez vos connaissances et vos compétences à Baş Group et devenez un leader dans l&#8217;industrie de l&#8217;emballage innovant et durable. Rejoignez notre équipe dynamique et contribuez à faire avancer la créativité et l&#8217;excellence. Pour des informations détaillées sur le traitement de vos données personnelles, veuillez consulter le<br />
&#8220;<a href="https://www.basgroupglobal.com/wp-content/uploads/2023/09/Bas-Group-KVKK-Fr.pdf" target="_blank" rel="noopener">Texte de divulgation des candidats à l’emploi de Baş Group</a>&#8221; .</p>
</div></header></div><div class="wpb_content_element "><style type="text/css">#ut_accordion_69f3b806360c7 .ut-accordion-module-item.open .ut-accordion-module-heading { color: rgba(198, 137, 114, 1) !important }#ut_accordion_69f3b806360c7 .ut-accordion-module-heading:hover { color: rgba(198, 137, 114, 1) !important }#ut_accordion_69f3b806360c7 .ut-accordion-module-heading:active { color: rgba(198, 137, 114, 1) !important }#ut_accordion_69f3b806360c7 .ut-accordion-module-heading:focus { color: rgba(198, 137, 114, 1) !important }#ut_accordion_69f3b806360c7 .ut-accordion-module-item { border-top-style:solid; }#ut_accordion_69f3b806360c7 .ut-accordion-module-item:last-child { border-top-style:solid; border-bottom-style:solid; }#ut_accordion_69f3b806360c7 .ut-accordion-module-heading::before { -webkit-border-radius: 50%; -moz-border-radius: 50%; border-radius: 50%; }</style><div id="ut_accordion_69f3b806360c7" data-accordion-group class="ut-accordion-module ut-accordion-module-single  ut-accordion-module-with-counter ut-accordion-module-with-border"><div data-accordion data-accordion data-single data-transition="400" data-easing="ease" class="ut-accordion-module-item "><h3 data-control class="ut-accordion-module-heading" data-counter="1">Directeur des Ventes et du Marketing</h3><div data-content class="ut-accordion-module-content"><div class="ut-accordion-module-inner entry-content clearfix"></p>
<h3><strong>Qualifications Générales</strong></h3>
<ul>
<li>Viser une carrière dans les ventes,</li>
<li>Axé sur la réalisation d’objectifs,</li>
<li>Etre capable de gérer la clientèle et de développer des relations,</li>
<li>Hautement capable d’influencer et de persuader,</li>
<li>Capacité à planifier et à organiser,</li>
<li>Avoir effectué le service militaire ou reporté d’au moins 1 an,</li>
<li>Sachant parler couramment en anglais et en français, (une troisième langue est préférée)</li>
<li>Maîtrise des programmes MS Office,</li>
<li>Désireux d’apprendre, capable de suivre et de conclure les travaux, capable de travailler à un rythme intense,</li>
<li>Bonnes compétences en communication et en planification, pensée analytique et résolution de problèmes,</li>
<li>Aucune restriction de voyage,</li>
<li>Nous attendons les candidatures de candidats qui résident ou qui résideront du côté européen d’Istanbul.</li>
</ul>
<h3><strong>Description du Travail</strong></h3>
<ul>
<li>En ligne avec les objectifs mensuels et annuels déterminés :</li>
<li>Création d’un portefeuille de clients,</li>
<li>Atteinte de clients potentiels et vente de produits,</li>
<li>Fourniture de services de conseil à nos clients après-vente,</li>
<li>Assurer la satisfaction des clients et effectuer la gestion de portefeuille.</li>
</ul>
<p><button id="buttonxfr" class="buttonxfr">Candidature</button></p>
</div></div></div><div data-accordion data-accordion data-single data-transition="400" data-easing="ease" class="ut-accordion-module-item "><h3 data-control class="ut-accordion-module-heading" data-counter="2">Spécialiste des Opérations D'exportation</h3><div data-content class="ut-accordion-module-content"><div class="ut-accordion-module-inner entry-content clearfix"></p>
<h3><strong>Qualifications Générales</strong></h3>
<ul>
<li>Diplômé universitaire en rapport avec notre domaine</li>
<li>2-3 ans d’expérience en exportation ou logistique,</li>
<li>Avoir une connaissance de la législation douanière et des processus logistiques,</li>
<li>Parlant Couramment anglais, (une deuxième langue est préférable)</li>
<li>Compétent dans l’utilisation de programmes MS Office,</li>
<li>Disposé à apprendre, capable de réussir le suivi et la conclusion du travail, capable de travailler à un rythme intense,</li>
<li>Bonnes compétences de communication et de planification, pensée analytique et compétences de résolution de problèmes,</li>
<li>Pas de restrictions de voyage</li>
<li>Les candidats masculins doivent avoir terminé leur service militaire</li>
<li>Nous attendons les candidatures des candidats qui résident/seront résidents du côté européen d’Istanbul.</li>
</ul>
<h3><strong>Description du Travail</strong></h3>
<ul>
<li>Réception des commandes, programmation de l’exportation, exécution et suivi des transactions opérationnelles,</li>
<li>Travailler en coordination avec les unités de finances, de production et de logistique, planifier et suivre les processus,</li>
<li>Préparation des documents nécessaires et des documents liés aux processus d’exportation,</li>
<li>Fournir les informations nécessaires aux clients et aux unités concernées après l’exportation,</li>
<li>Contrôle de certaines dépenses liées à l’exportation et fourniture d’entrées de système,</li>
<li>Suivi des transactions comptables et des recouvrements liés à l’exportation, reporting aux unités concernées,</li>
<li>Préparation de présentations et de rapports sur les questions d’exportation,</li>
<li>Assurer l’accomplissement des obligations nécessaires en vertu de la législation.</li>
</ul>
<p><button id="buttonxfr" class="buttonxfr">Candidature</button></p>
</div></div></div><div data-accordion data-accordion data-single data-transition="400" data-easing="ease" class="ut-accordion-module-item "><h3 data-control class="ut-accordion-module-heading" data-counter="3">Personnel de L'entrepôt</h3><div data-content class="ut-accordion-module-content"><div class="ut-accordion-module-inner entry-content clearfix"></p>
<h3><strong>Qualifications Générales</strong></h3>
<ul>
<li>Diplômé des départements universitaires de premier cycle.</li>
<li>Au moins 2 ans d’expérience en logistique et gestion des stocks.</li>
<li>Solides compétences en planification, reporting et analyse.</li>
<li>Capacité à gérer efficacement une équipe.</li>
<li>Capable de bien gérer son temps.</li>
<li>Nous attendons les candidatures des personnes résidant sur la partie européenne d’Istanbul ou qui y résideront.</li>
</ul>
<h3><strong>Description du Travail</strong></h3>
<ul>
<li>Effectuer toutes les opérations d’expédition dans l’usine dans le cadre des activités logistiques des clients et des fournisseurs.</li>
<li>Veiller à la mise en œuvre des procédures et instructions logistiques et en contrôler l’efficacité.</li>
<li>Assurer que les processus opérationnels sont achevés en temps et en heure et avec une grande qualité.</li>
<li>Effectuer des études sur l’efficacité opérationnelle et l’amélioration des coûts logistiques.</li>
<li>Gérer les stocks et les expéditions.</li>
<li>Participer et contribuer à des projets logistiques.</li>
</ul>
<p><button id="buttonxfr" class="buttonxfr">Candidature</button></p>
</div></div></div></div></div>[/vc_column][/vc_row][/vc_section]</p>
</div>
